j + 37. Calculate n(7).
9
Let u(s) = s - 11. Calculate u(-7).
-18
Let l(u) = 2*u**2 - 7*u - 6. Give l(4).
-2
Let c(s) = -s + 47. What is c(56)?
-9
Let z(j) = -j**3 - 4*j**2 + 14*j. Give z(-6).
-12
Let q(p) = 17*p + 140. Calculate q(-7).
21
Let q(b) = b**2 + 8*b - 8. Determine q(-7).
-15
Let o(q) = -13*q + 36. Give o(3).
-3
Let p(y) = y**3 + 14*y**2 - 19*y + 34. What is p(-16)?
-174
Let v(n) = -2*n + 1. Give v(-2).
5
Let b(k) = k**2 + 12*k + 16. What is b(-10)?
-4
Let w(u) = -u**3 + 2*u**2 + 6*u - 1. Give w(-2).
3
Let w(j) = j**2 - 16*j + 40. Give w(7).
-23
Let f(s) = -s**2 - 16*s - 49. Determine f(-11).
6
Let d(k) = k**2 - 10*k + 6. Give d(5).
-19
Let f(b) = b**3 + 11*b**2 - 5*b - 2. Give f(-11).
53
Let o(u) = u**3 + 6*u**2 + 6*u - 3. What is o(-3)?
6
Let a(t) = -2*t**3 + 4*t**2 - 4*t + 3. Give a(2).
-5
Let p(n) = 6*n**2 - 30*n + 14. Determine p(6).
50
Let u(v) = 2*v - 94. Give u(-11).
-116
Let a(f) = f - 11. What is a(0)?
-11
Let h(b) = 2*b**2 - 6*b - 4. Give h(-1).
4
Let c(z) = -4*z**2 - 3*z + 4. Determine c(-3).
-23
Let l(o) = -o**3 + 11*o**2 - 4*o + 6. Determine l(10).
66
Let c(j) = 2*j**2 + 5*j + 6. Give c(-2).
4
Let a(u) = -4*u + 23. Give a(7).
-5
Let v(d) = 5*d - 45. Give v(13).
20
Let r(p) = p**2 - 21*p + 132. Calculate r(8).
28
Let j(s) = s**3 - s**2 - 30*s + 7. Give j(6).
7
Let a(c) = -11*c**2 + 3*c + 1. Determine a(-2).
-49
Let k(u) = -u - 10. What is k(-15)?
5
Let b(q) = q**2 + 7*q - 6. What is b(-9)?
12
Let l(s) = 11*s**3 - 2*s**2 - 3*s. Determine l(-2).
-90
Let x(f) = f**2 - 16*f + 5. What is x(15)?
-10
Let u(g) = g**3 + 19*g**2 - 3*g + 26. Give u(-19).
83
Let o(x) = 25*x**3 + x. Calculate o(2).
202
Let d(o) = o**2 + 15*o - 129. Calculate d(-21).
-3
Let q(s) = -11*s - 51. What is q(-5)?
4
Let p(l) = -2*l**2 + 21*l - 35. What is p(8)?
5
Let k(l) = -l**2 + l + 28. What is k(0)?
28
Let c(s) = -2*s + 2. What is c(4)?
-6
Let v(k) = -k + 27. Determine v(12).
15
Let z(l) = -l**2 - 7*l + 229. Give z(12).
1
Let p(z) = z**3 + 6*z**2 - 9*z - 10. What is p(-7)?
4
Let w(k) = k**2 + 28*k + 81. Calculate w(-25).
6
Let h(b) = -2*b - 7. Determine h(-8).
9
Let w(z) = -2*z - 24. Calculate w(-10).
-4
Let f(r) = -8*r + 62. What is f(7)?
6
Let l(r) = -r**3 + r**2 + 4*r - 2. Determine l(3).
-8
Let s(y) = y**2 - 3*y - 2. Calculate s(-1).
2
Let h(i) = -23*i - 187. Calculate h(-8).
-3
Let z(o) = -o**3 + 6. What is z(0)?
6
Let y(a) = a**2 + 12*a + 24. Determine y(-2).
4
Let b(g) = -2*g**2 + g + 1. What is b(3)?
-14
Let i(b) = 13*b - 20. Determine i(2).
6
Let r(q) = -2*q**2 - 30*q - 83. What is r(-10)?
17
Let f(a) = -a**3 + 8*a**2 - 4*a - 30. Determine f(6).
18
Let r(v) = v + 12. What is r(21)?
33
Let v(q) = q**2 + 13*q + 3. Determine v(-12).
-9
Let g(t) = 6*t**3 - 4*t**2 - 5*t - 3. Calculate g(-2).
-57
Let v(n) = -n**2 + 21*n - 110. Determine v(11).
0
Let m(y) = y. Determine m(12).
12
Let m(h) = h**2 + 12*h - 7. What is m(9)?
182
Let v(s) = 3*s**3 - 5*s**2 + 5*s - 4. Give v(3).
47
Let m(p) = -p**2 - 5*p - 4. Determine m(0).
-4
Let g(p) = -p**2 - 14*p + 2. Determine g(-14).
2
Let c(j) = -j**3 - 5*j**2 - 7*j - 12. Give c(-4).
0
Let o(l) = 23*l + 264. What is o(-11)?
11
Let a(n) = 5*n**2 + n - 8. Give a(2).
14
Let p(y) = 3*y**2 + 29*y - 3. What is p(-10)?
7
Let d(g) = g**2 + 7*g + 25. Calculate d(-10).
55
Let i(f) = f**3 + 8*f**2 + 3*f - 13. Determine i(-7).
15
Let c(k) = -k**2 - 35*k + 5. What is c(-35)?
5
Let c(b) = b**3 - 3*b**2 - b. Determine c(4).
12
Let q(m) = m**3 + 7*m**2 + 15. Give q(-7).
15
Let g(x) = -x**3 - 4*x**2 + 7*x + 2. What is g(-6)?
32
Let u(x) = 2*x - 5. Determine u(-8).
-21
Let o(h) = -h**2 - 18*h + 4. What is o(-18)?
4
Let u(n) = n**3 - 17*n**2 + n - 33. Determine u(17).
-16
Let t(f) = 6*f - 110. Determine t(22).
22
Let c(d) = d**3 - 10*d**2 - 28*d + 38. Give c(12).
-10
Let p(f) = -f**3 - 10*f**2 + 11*f + 15. Give p(-11).
15
Let a(j) = j**3 + j**2 - 3*j + 1. Calculate a(-3).
-8
Let a(u) = 10*u**2 + 11*u + 11. Calculate a(-1).
10
Let q(r) = 5*r - 1. Give q(3).
14
Let c(z) = -14*z**2 + 6. What is c(-2)?
-50
Let p(h) = -2*h - 27. Determine p(-13).
-1
Let g(r) = 7*r - 4. Calculate g(18).
122
Let v(m) = 3*m**3 + 32*m**2 - 11*m - 10. What is v(-11)?
-10
Let x(n) = -n**3 - 28*n**2 - 24*n + 79. Calculate x(-27).
-2
Let h(w) = 2*w**3 + w**2 + 5. Determine h(0).
5
Let x(k) = 4*k**2 + 10*k + 1. Give x(-4).
25
Let i(r) = -3*r**2 - 3*r + 5. Determine i(2).
-13
Let b(t) = -t**3 - 17*t**2 - 31*t - 21. Determine b(-15).
-6
Let w(j) = -j**2 + 8*j - 12. Determine w(6).
0
Let m(z) = 2*z**2 + 53*z + 18. What is m(-26)?
-8
Let i(f) = 2*f - 15. Give i(9).
3
Let z(h) = -h**2 + 19*h - 58. What is z(21)?
-100
Let y(c) = -112*c - 660. What is y(-6)?
12
Let z(m) = m**3 + 2*m**2 - 4*m - 1. Give z(-3).
2
Let n(k) = 15*k - 3. What is n(2)?
27
Let t(m) = -m**2 + 18*m + 34. Calculate t(20).
-6
Let k(x) = -6*x - 138. Calculate k(-26).
18
Let y(o) = -3*o**2 - 33*o - 128. What is y(-5)?
-38
Let u(t) = t - 2. Determine u(2).
0
Let w(p) = -22*p - 22. Give w(-5).
88
Let j(b) = b**3 - b**2 + 4*b - 4. Give j(3).
26
Let s(d) = -d**3 - 7*d**2 + 2*d + 3. Give s(-7).
-11
Let q(h) = -82*h**2 + h - 2. Calculate q(1).
-83
Let d(i) = -14*i. Give d(-4).
56
Let q(l) = 3*l**3 - 9*l**2 + 4*l - 4. Give q(3).
8
Let o(s) = 2*s**3 - 58*s**2 + 59*s - 82. Give o(28).
2
Let p(t) = -2*t**3 + 131*t**2 + 72*t - 400. Give p(66).
-4
Let w(i) = -i**3 - 9*i**2 - 14*i - 2. Calculate w(-7).
-2
Let o(u) = -4*u**2 + 40*u - 17. Give o(10).
-17
Let w(v) = -v**3 + 8*v**2 - 3*v - 11. What is w(6)?
43
Let w(m) = -6*m + 7. Determine w(6).
-29
Let h(v) = 4*v + 16. Determine h(-6).
-8
Let q(r) = -r**3 - 4*r**2 + 4*r - 4. What is q(-5)?
1
Let y(b) = 8*b**2 - b - 2. Determine y(2).
28
Let o(h) = h**3 + 7*h**2 - 13*h - 46. Give o(-8).
-6
Let o(r) = -2*r**2 - 40*r - 28. Give o(-19).
10
Let y(c) = c**3 + 6*c**2 + 7*c + 7. What is y(-5)?
-3
Let b(x) = x - 2. Calculate b(10).
8
Let d(k) = 3*k - 24. What is d(8)?
0
Let k(f) = f**2 + 5*f + 3. What is k(-3)?
-3
Let z(j) = -j**2 - 2*j + 14. Determine z(-9).
-49
Let o(z) = -6*z - 64. Determine o(-11).
2
Let v(z) = 2*z**2 - 5*z - 19. Determine v(5).
6
Let m(r) = r**3 - 11*r**2 + 2*r - 10. Give m(11).
12
Let n(d) = -d**2 - d + 18. Calculate n(-6).
-12
Let o(z) = -4*z - 6. Determine o(1).
-10
Let s(f) = 3*f. Give s(0).
0
Let m(u) = u**2 - 7*u + 6. Calculate m(7).
6
Let n(o) = -o**2 - o. What is n(-2)?
-2
Let l(p) = -p**2 - p + 8. What is l(-6)?
-22
Let i(k) = 2*k**2 - 3*k - 4. Determine i(-4).
40
Let h(x) = 2*x**2 + 19*x + 2. Give h(-5).
-43
Let c(r) = -14*r - 846. Give c(-60).
-6
Let h(b) = -3*b**2 - 10*b - 6. Calculate h(-4).
-14
Let v(x) = -x**3 + 19*x**2 - 33*x - 17. Calculate v(17).
0
Let t(p) = -41*p. Give t(-1).
41
Let d(j) = -8*j + 603. Give d(77).
-13
Let o(x) = -x**3 - 2*x**2 + 5*x + 3. Calculate o(-3).
-3
Let l(m) = 14*m + 7. Calculate l(-2).
-21
Let t(p) = -3*p + 2. What is t(3)?
-7
Let r(c) = 6*c - 23. Give r(11).
43
Let q(g) = -2*g**3 - 5*g**2 - g - 4. Calculate q(-3).
8
Let u(p) = p**3 - 3*p - 6. Determine u(-2).
-8
Let h(p) = -p + 8. What is h(7)?
1
Let l(t) = 4*t - 30. What is l(14)?
26
Let g(b) = b + 13. Give g(12).
25
Let y(m) = -m**2 - 2*m + 3. Give y(-2).
3
Let s(l) = -l**3 + l**2 + 4*l + 2. Determine s(4).
-30
Let m(q) = q**3 + 2*q**2 - 2*q. What is m(-4)?
-24
Let h(w) = -4*w**2 + 2*w - 2. Calculate h(4).
-58
Let s(w) = w + 7. What is s(7)?
14
Let j(w) = 14*w**2 + w - 3. Calculate j(-3).
120
Let h(t) = t**3 - 8*t**2 - 6*t - 27. What is h(9)?
0
Let i(p) = -2*p**3 - 7*p**2 + p + 21. Calculate i(-6).
195
Let l(n) = n**3 - 12*n**2 - 17*n + 45. Determine l(13).
-7
Let m(l) = l**2 + 9*l - 6. Calculate m(-10).
4
Let r(f) = -f**2 + 8*f - 8. Give r(8).
-8
Let j(m) = -m**3 + m**2 - m + 1. Determine j(-2).
15
Let t(w) = -32*w - 136. Give t(-4).
-8
Let u(q) = q**2 + 4*q + 7. Determine u(0).
7
Let z(t) = 91*t + 173. Calculate z(-2).
-9
Let w(v) = -2*v**2 + 14*v - 6. What is w(6)?
6
Let c(p) = -p + 31. Give c(0).
31
Let x(s) = 4*s + 4. Determine x(-1).
0
Let j(c) = -c**2 - 9. Give j(0).
-9
Let b(i) = i**2 + 23*i + 161. What is b(-10)?
31
Let h(p) = -p**3 - 16*p**2 + 33*p - 25. Determine h(-18).
29
Let t(q) = -41*q - 159. Give t(-4).
5
Let w(q) = q - 27. What is w(0)?
-27
Let m(g) = 2*g**3 - 35*g**2 - 57*g + 2. What is m(19)?
2
Let y(i) = -i**2 - 10*i + 4. What is y(